) + 7?
1
6 - (-5 + -4 + (15 - 2))
2
174 + -144 + (-1 - 15)
14
What is 4 + -6 + -22 - -3 - (83 - 92)?
-12
Calculate -9 + (-27 + 17 - -7).
-12
Evaluate (1 - 12) + 9 + 11 + -24.
-15
Evaluate 10 + -10 + 5 - -7.
12
Calculate 5 + 25 - 21 - -6.
15
Calculate -5 + 37 + (0 - (6 + (-4 - -8))).
22
18 - (1 + 6 + -13 + 11)
13
Calculate 24 + -2 - (9 + (3 - 2)) - 5.
7
Evaluate 2 + -26 + 255 + -223 - (-15 - 0).
23
Evaluate -25 + 10 - (-5 + -8 - -1).
-3
Evaluate (-9 + 20 + -8 - 5) + 5 + -2.
1
Evaluate -16 + 25 + (-27 - -6).
-12
What is the value of -8 + 11 + -10 + (20 - 7 - 7)?
-1
What is (0 + 17 - (913 + -924)) + -8 + -1?
19
What is the value of -4 + 5 - ((-2 - -8) + -6)?
1
(45 - 18) + -31 + 24
20
Evaluate 2 - ((99 - 108) + 7 + (0 - 0)).
4
What is (-4 - -7) + -5 - -11?
9
What is the value of ((-1 - -1) + -8 - -1) + (3 - 6)?
-10
-21 - (11 + -41) - (-5 + 1)
13
What is the value of 49 + 2 + -142 + 119?
28
Calculate (-10 - -7) + 128 + -104.
21
Calculate 10 + -7 - 8 - -11.
6
Evaluate (8 - 2) + (8 - 11).
3
What is -106 + 89 + -2 + 8?
-11
3 + -5 - (20 - 23)
1
What is 9 - (-42 - -36) - 43?
-28
What is 3 + -9 + 10 + -3 + 1 + -2?
0
Evaluate -18 - (3 + -52 + (12 - 12)).
31
What is 9 - (9 + -11) - (43 - (5 - 7))?
-34
Evaluate -1 - (-1 - -6 - 2 - (47 - 42)).
1
What is 23 + (-25 - (9 - 20))?
9
Evaluate 1016 + -1053 - (-62 - 0).
25
What is -2 + -3 - (-3 + 4 + -5 - 1)?
0
(3 - -2) + 3 + (-8 + -10 - -8)
-2
(-41 - -30) + 0 + 5 + -1
-7
What is (3 - (9 + 5 + -23)) + -6?
6
Evaluate -5 - (-5 - (-1 + -3)) - (-39 - -49).
-14
What is -40 + 8 - (17 + -9 + -20)?
-20
What is the value of -12 + (-2 - -5) + (9 - -6) + -11?
-5
Evaluate (2 + (-13 - (-5 - 0)) - -4) + -4.
-6
What is the value of -3 + 0 - 6 - (-31 - (-19 - -21))?
24
(-54 - -70 - (0 + 7)) + -14
-5
What is -5 + -8 + (-9 - -39 - (4 - 0))?
13
What is the value of -10 + (26 - (-2 + (0 - -3)))?
15
541 + -556 + (-1 - 4)
-20
Evaluate (1 + 0 - 0) + (-505 - -501).
-3
What is the value of -18 + (17 - (-9 + -9))?
17
What is -32 + 10 + 20 + 3?
1
What is the value of (51 - 47 - (1 - 0)) + (-1 - -6)?
8
(-142 - (119 - 241)) + (10 - (-1 + 2))
-11
Evaluate 0 - -4 - ((26 - 56) + 20).
14
Calculate (-6 - 11) + -4 + 7.
-14
(5 - -1) + (24 - 20 - (-1 + 2))
9
Calculate -1 - 5 - (5 + (-3 - -6) + 5).
-19
Calculate 42 + -72 + 34 - 36.
-32
What is -43 + (-17 - -44) - (-2 - -8)?
-22
Calculate 20 + 8 + (14 - (-2 - -28)).
16
Evaluate 21 + (-22 - -5) + -8.
-4
What is the value of (17 - 30) + 24 + -7?
4
What is 1 + 2 + 0 + -5 + -5 + 13?
6
Evaluate 11 + -16 + 7 + 4 + -7 + 0.
-1
What is the value of (14 - 30) + (8 - -9)?
1
What is (-70 - -15 - -53) + -2 + -1?
-5
What is the value of -3 - (-7 + (-4 - -1) - -6 - -2)?
-1
What is (-16 - -19) + 5 + (-3 - 2)?
3
-3 + (45 - (36 - 19))
25
What is -16 + -3 + 13 - (7 + 0 + -18)?
5
What is -3 + (8 - (-12 - -7)) - 8?
2
Evaluate -1 - -14 - (-12 + (1 - (-26 + 11))).
9
Evaluate 3 - (10 + (-2 - 3 - -2)) - 1.
-5
Evaluate 14 + (34 - 58 - 14).
-24
What is 15 + (3 - -12) + -14?
16
Calculate (18 - 12) + (-5 - (-5 - (7 + -11))).
2
Calculate -15 - (-7 + 19) - -18.
-9
What is the value of 3 + -1 + -3 - -33 - (-46 - -54)?
24
Evaluate 8 - 2 - ((7 - -19) + -12) - -16.
8
What is the value of (-24 - (-8 - 32)) + 18?
34
0 - 9 - (20 + -52 - -26)
-3
5 + 0 + (-156 - -128 - (14 - 0))
-37
What is the value of -8 - (34 - (38 - 18))?
-22
9 + (4 + -4 + 8 - 24) - -27
20
What is the value of 1 - (-16 + 7 + (2 - 5))?
13
Calculate ((-4 - -2) + -2 - 2) + 10.
4
Calculate -4 + (-8 - 0) + 16 - 11.
-7
Calculate 1 - -1 - 0 - (2 + -14 + 12).
2
Evaluate 7 - (-8 + 21 + -17 + 9 + -1).
3
What is the value of -4 + (19 - 28) + 3 + -6?
-16
What is -11 - -5 - -15 - (0 + 2 - -2)?
5
What is the value of -7 - ((44 - 35) + (-1 - 34) + 8)?
11
What is the value of (3 - -10) + (25 - 41)?
-3
Evaluate 11 - (31 + (-2 - 12)) - (1 + 3).
-10
Evaluate -56 - (-34 - -9) - -43.
12
(-27 - (-5 + 7 - 0)) + 14 + -14
-29
5 - (9 + -27) - 12
11
Evaluate (-2 - -10) + 18 + -21 + 2 + -9.
-2
Evaluate 0 - 1 - (-4 - (5 + -16)) - 7.
-15
What is 19 + -32 - (3 - 6)?
-10
Evaluate -7 - -12 - 5 - (0 - 1).
1
What is 13 + (-27 - -12) + -8 - 10?
-20
17 - (1 + 7 + -4 + -1 + -1)
15
What is (-8 - 25) + 32 - (3 + -3 - -23)?
-24
Calculate 999 + -953 + (-3 - 29).
14
-1 - -1 - (6 + 3 - 8)
-1
Evaluate 89 - 90 - (-1 + 2 - 4).
2
Calculate 23 - 13 - -12 - 4.
18
What is the value of -17 + 1 - (179 - 173)?
-22
Evaluate (-3 - (-1 - (1 + (-5 - 0)))) + -1.
-7
-16 - -9 - -16 - -10
19
What is the value of -9 - ((13 - -1) + -5 - (7 + 4))?
-7
Evaluate (-6 - 2) + 25 + -20 + (0 - -14).
11
Evaluate 43 - ((-33 - -4) + 65).
7
Evaluate 4 + (8 - (0 - -1)) - 2.
9
What is the value of -7 + 2 + -20 + 13 + 16?
4
Calculate 13 - (11 - (2 - 6)).
-2
Calculate 5 - (-3 - -3) - (9 - 20).
16
Calculate -4 + -4 + -3 + 5 + 10.
4
Evaluate -19 + 7 + 6 - (4 - 30).
20
(-3 - -12 - -4 - 8) + (1 - -4)
10
Evaluate 5 + 1 + (-35 - -32 - (1 + -3)).
5
Evaluate 16 - -1 - -3 - 10 - 5.
5
Calculate -2 + (0 + 6 - 6) + (-2 - -8).
4
What is 0 + (-9 - (-8 + 14)) + 5 + 2?
-8
Calculate 20 + 14 + -35 + 3.
2
Evaluate -18 + -6 + 5 + 4 + (10 - 8).
-13
Evaluate -1 + (-8 - -8) + -3 + -12.
-16
Evaluate -2 - 4 - ((0 - -1) + (-19 - -25)).
-13
What is the value of -1 + -4 + (-10 - 1) + (-104 - -101)?
-19
-6 - -7 - (-1 - (-9 + -3))
-10
Evaluate 3 - ((18 - 7) + -8 + 2 - -7).
-9
-14 + 30 - 1 - 21
-6
Calculate -3 - ((-1 - ((-6 - -1) + 6)) + -1).
0
What is the value of 8 - (12 - (-13 - -13)) - 10?
-14
Calculate 21 + (-40 - (-7 - 4)).
-8
Evaluate -44 - -23 - -18 - (1 + -11).
7
13 - (5 - (-11 + -3))
-6
Evaluate -24 + 14 - (-5 - (3 + 12)).
10
Calculate 73 - (-7 - -39) - 23.
18
Calculate 7 + 5 - (7 + -3 + 2 + 3).
3
(-1 - (-5 - 7)) + -7 - (-11 - 1)
16
Evaluate (12 - -22) + -83 + 86.
37
Evaluate 1 - (-16 - (5 + -37)).
-15
Evaluate -7 - (-7 + 0 - -10).
-10
What is -12 + -1 - (-4 + 2) - (2666 - 2666)?
-11
What is the value of 40 - ((3 - -49) + 18)?
-30
24 + -31 + 2 + -2 + 15
8
What is (4 - 0) + 267 + -283?
-12
Calculate -9 + 1 - (-57 - -55).
-6
What is 3 - -2 - (-95 - -99)?
1
Calculate 2 - (7 + 7 + -1).
-11
Calculate 18 + (-4 - (7 - -1)) + (-4 - -25).
27
27 + -13 + -12 - 14
-12
Evaluate (-24 - -6) + 5 + 6 + 1 - -16.
10
Calculate (-8 - 0) + (34 - 58) + 22.
-10
Calculate 1 + 10 - (-9 + 18) - (-14 + 2).
14
Calculate -6 + 5 + (-8 + 7 - -17) + -7.
8
Evaluate -9 + (-6 - ((-1 - -2) + 4 + 0)).
-20
Calculate 5 - -5 - (13 - -6) - (9 + 0).
-18
Evaluate (-22 - -11) + 22 + -15.
-4
Calculate -53 + 80 - (2 - -31).
-6
What is 16 + -17 - (-3 + 6)?
-4
(-52 - -46 - (15 - 4)) + -1 + 8
-10
Evaluate -2 - (-27 - -25 - (4 + -5 - -5)).
4
What is 1 - (-4 + -3 + 0 + (0 - 5))?
13
What is the value of (594 - 603) + (2 - 0)?
-7
Evaluate (50 - 10) + -13 + -28.
-1
What is the value of 0 - (9 + -1 - 20) - -11?
23
What is 3 + -2 + 2 - (16 + -30) - 3?
14
Calculate (2 + -15 - -7) + -3 + -3.
-12
Evaluate (-5 - (-40 + 3 - -7)) + 3 - 10.
18
Calculate 5 - 1 - (-1 + (-19 - -7)).
17
What is the value of 13 - (3 - (10 - 13))?
7
What is the value of (35 - (42 + -12)) + 22?
27
What is the value of -7 - -6 - (54 - 50)?
-5
Evaluate -2 + (27 - 6) + -38.
-19
What is -11 + (-1 - -18 - 0) - (1 + -11)?
16
Calculate -14 + (11 - (-5 - 12)).
14
Evaluate (23 - (-19 - -5)) + -54.
-17
Evaluate 3 + -4 - (-16 + (13 - 23) + 5).
20
What is the value of -4 + (5 - (0 + -1)) + -6 + -4?
-8
Evaluate -14 + -2 - (-82 + 26 + 48).
-8
Calculate 9 + (-7 - -2) + (8 - 16) + -6.
-10
Calculate 74 + -77 + (0 - 1) + 11.
7
What is 7 + 1 + -1 + 7 + (6 - 1)?
19
What is the value of -34 - -9 - (10 + -29)?
-6
What is -7 + -4 + 9 - (-1 - 0) - -7?
6
Calculate -3 - (10 + -5 + -6) - (-1 - 5).
4
What is the value of 4 - (-7 - -6 - -3) - (-3 - 2)?
7
Evaluate (-22 - 1) + -1343 + 1358.
-8
What is the value of -9 + (8 + -11 - -7) - -7?
2
-13 - (-3 + 4 + 2 + (-5 - -2))
-13
-11 + 25 + (6 - -5) + -10
15
What is the value of -7 + (-13 - -14 - (0 - 5) - 6)?
-7
Evaluate -4 - (-6 - -9 - 9 - -10).
-8
(38 - -19) + -29 + -45
-17
406 + -408 - (-11 + (7 - (-2 - -5)))
5
What is the value of 12 - ((21 - 13) + -9)?
13
Evaluate -11 - (-86 + 90 + -6 + -1).
-8
Evaluate (9 - 0) + -655 + 673.
27
19 + 4 - (18 + 10 + -26)
21
What is the value of -20 + 7 + (4 - -11) + 9?
11
What is (38 + 13 - 50) + -14 + 0?
-13
What is 2 - (7 + -5 + (-6 - (2 + -4)))?
4
Evaluate -51 + 20 + 1 + 0.
-30
What is the value of